{"id":22741,"date":"2018-10-10T17:47:56","date_gmt":"2018-10-10T17:47:56","guid":{"rendered":"http:\/\/www.confenar.com.br\/?page_id=22741"},"modified":"2018-11-01T22:02:25","modified_gmt":"2018-11-01T22:02:25","slug":"atitude-sustentavel-2017","status":"publish","type":"page","link":"https:\/\/www.confenar.com.br\/index.php\/atitude-sustentavel-2017\/","title":{"rendered":"Atitude sustenta\u0301vel"},"content":{"rendered":"<div id=\"box-fecha\" style=\"width: 100% !important; margin: 0 20px !important; float: left !important;\">\n<p class=\"p1\"><span class=\"s1\"><b>Carbono Compensado 2017<\/b><\/span><\/p>\n<p class=\"p1\" style=\"float: left;\"><img decoding=\"async\" class=\"alignnone size-full wp-image-22334\" src=\"http:\/\/www.confenar.com.br\/wp-content\/uploads\/2017\/01\/logo-carbono-alterado.jpg\" alt=\"logo-carbono-alterado\" width=\"200\" height=\"auto\" srcset=\"https:\/\/www.confenar.com.br\/wp-content\/uploads\/2017\/01\/logo-carbono-alterado.jpg 340w, https:\/\/www.confenar.com.br\/wp-content\/uploads\/2017\/01\/logo-carbono-alterado-300x236.jpg 300w\" sizes=\"(max-width: 340px) 100vw, 340px\" \/><\/p>\n<p class=\"p1\" style=\"margin: 55px 0 0 40px; float: left; width: 462px;\">Resultado de uma parceria entre a Confenar, a Mercedes-Benz e a Bravo Consultoria Ambiental, o projeto Carbono Compensado quantifica os gases de efeito estufa gerados no Agenda Confenar, convertendo-os no plantio de \u00e1rvores e ajudando na recupera\u00e7\u00e3o de \u00e1reas florestais. Conhe\u00e7a a seguir a a\u00e7\u00e3o realizada em 2017!<\/p>\n<\/div>\n<div id=\"box-fecha\" style=\"width: 100% !important; margin: 0 20px !important; float: left !important;\">\n<p class=\"p1\"><span class=\"s1\"><b>Sustentabilidade: uma pr\u00e1tica cont\u00ednua<\/b><\/span><\/p>\n<div style=\"margin-right: 20px;\">Pelo s\u00e9timo ano consecutivo, a Confenar promoveu, em novembro, o\u00a0plantio de cerca de 400 mudas de \u00e1rvores em uma \u00e1rea de preserva\u00e7\u00e3o\u00a0ambiental em Rio do Sul (SC). Essa \u00e9 uma das muitas a\u00e7\u00f5es realizadas\u00a0pela Confedera\u00e7\u00e3o em prol da sustentabilidade no Pa\u00eds.O plantio, que \u00e9 feito anualmente, desde 2010, ap\u00f3s o Agenda Confenar\u00a0(maior evento de distribui\u00e7\u00e3o de bebidas do Pa\u00eds), tem como objetivo\u00a0diminuir os impactos ambientais causados pela emiss\u00e3o de di\u00f3xido de carbono\u00a0(CO2) durante os dias do encontro.\u00a0Neste ano, as mudas foram plantadas no Ref\u00fagio Edelweiss. As \u00e1rvores\u00a0ajudar\u00e3o no reflorestamento de esp\u00e9cies end\u00eamicas da regi\u00e3o, protegendo\u00a0as nascentes pr\u00f3ximas (como Ribeir\u00e3o Itoupava, afluente do Rio Itaja\u00ed-A\u00e7u)\u00a0e garantindo ref\u00fagio para animais selvagens. Desde o in\u00edcio da iniciativa\u00a0do Carbono Compensado, com o apoio da Associa\u00e7\u00e3o de Preserva\u00e7\u00e3o\u00a0do Meio Ambiente e da Vida (Apremavi), a Confenar j\u00e1 contribuiu com o\u00a0plantio de mais de 5 mil mudas.<\/p>\n<p>Ap\u00f3s o plantio, que contou com a participa\u00e7\u00e3o de colaboradores da\u00a0revenda catarinense Incobel (Lages, SC), a Confedera\u00e7\u00e3o segue acompanhando\u00a0e cuidando das mudas por um per\u00edodo de dois anos. O projeto de\u00a0plantio e compensa\u00e7\u00e3o de carbono \u00e9 patrocinado pela Mercedes-Benz.<\/p>\n<\/div>\n<p>&nbsp;<\/p>\n<p class=\"p1\" style=\"text-align: center; margin-right: 20px;\"><img loading=\"lazy\" decoding=\"async\" class=\"wp-image-22268 size-full aligncenter\" style=\"float: left !important; padding-right: 20px !important; width: 100%; height: 100%;\" src=\"http:\/\/www.confenar.com.br\/wp-content\/uploads\/2018\/04\/Plantio-2010-2017.png\" alt=\"Plantio 2010 2017\" width=\"912\" height=\"723\" srcset=\"https:\/\/www.confenar.com.br\/wp-content\/uploads\/2018\/04\/Plantio-2010-2017.png 912w, https:\/\/www.confenar.com.br\/wp-content\/uploads\/2018\/04\/Plantio-2010-2017-300x238.png 300w, https:\/\/www.confenar.com.br\/wp-content\/uploads\/2018\/04\/Plantio-2010-2017-768x609.png 768w\" sizes=\"auto, (max-width: 912px) 100vw, 912px\" \/><\/p>\n<p class=\"p3\" style=\"margin-right: 20px !important;\"><span class=\"s1\">&#8220;Reconhecemos a import\u00e2ncia\u00a0<\/span><span class=\"s1\">de realizar e apoiar projetos\u00a0<\/span><span class=\"s1\">de responsabilidade ambiental,\u00a0<\/span><span class=\"s1\">especialmente o que \u00e9 realizado\u00a0<\/span><span class=\"s1\">no Agenda Confenar, que,\u00a0<\/span><span class=\"s1\">desde 2010, aplica a compensa\u00e7\u00e3o\u00a0<\/span><span class=\"s1\">do carbono emitido. Esse\u00a0<\/span><span class=\"s1\">\u00e9 o tipo de parceria que vai\u00a0<\/span><span class=\"s1\">al\u00e9m dos neg\u00f3cios e pensa nas\u00a0<\/span><span class=\"s1\">futuras gera\u00e7\u00f5es, por isso temos\u00a0<\/span><span class=\"s1\">orgulho em atrelar nossa marca\u00a0<\/span><span class=\"s1\">ao evento por tanto tempo&#8221;, diz o analista de\u00a0<\/span><span class=\"s1\">Marketing e Comunica\u00e7\u00e3o da Mercedes-Benz,\u00a0<\/span><span class=\"s1\">Ot\u00e1vio Luis Rodrigues.<\/span><\/p>\n<p class=\"p3\" style=\"margin-right: 20px !important;\"><span class=\"s1\">&#8220;H\u00e1 alguns anos decidimos minimizar o impacto\u00a0<\/span><span class=\"s1\">de eventos como esse no meio ambiente. Contratamos,\u00a0<\/span><span class=\"s1\">ent\u00e3o, uma consultoria especializada em Carbono\u00a0<\/span><span class=\"s1\">Compensado, que faz as\u00a0<\/span><span class=\"s1\">aferi\u00e7\u00f5es e obedece a protocolos\u00a0<\/span><span class=\"s1\">reconhecidos internacionalmente\u00a0<\/span><span class=\"s1\">com o aval da ONU&#8221;, conta a diretora\u00a0<\/span><span class=\"s1\">de Comunica\u00e7\u00e3o e Marketing\u00a0<\/span><span class=\"s1\">da Confenar, Adriana Neves.<\/span><\/p>\n<p class=\"p3\" style=\"margin-right: 20px !important;\"><span class=\"s1\">O selo Carbono Compensado,\u00a0<\/span><span class=\"s1\">divulgado nesta edi\u00e7\u00e3o da revista,\u00a0<\/span><span class=\"s1\">destaca a iniciativa da Confedera\u00e7\u00e3o\u00a0<\/span><span class=\"s1\">realizada anualmente. &#8220;Essa\u00a0<\/span><span class=\"s1\">a\u00e7\u00e3o \u00e9 extremamente importante\u00a0<\/span><span class=\"s1\">para n\u00f3s. Al\u00e9m de fazer nossa parte protegendo o\u00a0<\/span><span class=\"s1\">meio ambiente, servimos de exemplo para que mais\u00a0<\/span><span class=\"s1\">empresas e pessoas tenham essa conscientiza\u00e7\u00e3o e\u00a0<\/span><span class=\"s1\">busquem sempre preservar os rios, a natureza e a\u00a0<\/span><span class=\"s1\">biodiversidade existente em nosso Pa\u00eds&#8221;, completa\u00a0<\/span><span class=\"s1\">o presidente da Confenar, Carlos Eduardo Lang.<\/span><\/p>\n<p><img loading=\"lazy\" decoding=\"async\" class=\"align-center size-full wp-image-22325\" style=\"text-align: center; margin: 0 auto; display: block;\" src=\"http:\/\/www.confenar.com.br\/wp-content\/uploads\/2017\/01\/Revista_Confenar_ed79_web-14.png\" alt=\"Revista_Confenar_ed79_web-14\" width=\"439\" height=\"288\" srcset=\"https:\/\/www.confenar.com.br\/wp-content\/uploads\/2017\/01\/Revista_Confenar_ed79_web-14.png 439w, https:\/\/www.confenar.com.br\/wp-content\/uploads\/2017\/01\/Revista_Confenar_ed79_web-14-300x197.png 300w\" sizes=\"auto, (max-width: 439px) 100vw, 439px\" \/><\/p>\n<\/div>\n","protected":false},"excerpt":{"rendered":"<p>Carbono Compensado 2017 Resultado de uma parceria entre a Confenar, a Mercedes-Benz e a Bravo Consultoria Ambiental, o projeto Carbono Compensado quantifica os gases de efeito estufa gerados no Agenda Confenar, convertendo-os no plantio de \u00e1rvores e ajudando na recupera\u00e7\u00e3o de \u00e1reas florestais. Conhe\u00e7a a seguir a a\u00e7\u00e3o realizada em 2017! Sustentabilidade: uma pr\u00e1tica cont\u00ednua [&hellip;]<\/p>\n","protected":false},"author":1,"featured_media":0,"parent":0,"menu_order":11,"comment_status":"closed","ping_status":"closed","template":"","meta":{"_acf_changed":false,"footnotes":""},"class_list":["post-22741","page","type-page","status-publish","hentry"],"acf":[],"_links":{"self":[{"href":"https:\/\/www.confenar.com.br\/index.php\/wp-json\/wp\/v2\/pages\/22741","targetHints":{"allow":["GET"]}}],"collection":[{"href":"https:\/\/www.confenar.com.br\/index.php\/wp-json\/wp\/v2\/pages"}],"about":[{"href":"https:\/\/www.confenar.com.br\/index.php\/wp-json\/wp\/v2\/types\/page"}],"author":[{"embeddable":true,"href":"https:\/\/www.confenar.com.br\/index.php\/wp-json\/wp\/v2\/users\/1"}],"replies":[{"embeddable":true,"href":"https:\/\/www.confenar.com.br\/index.php\/wp-json\/wp\/v2\/comments?post=22741"}],"version-history":[{"count":3,"href":"https:\/\/www.confenar.com.br\/index.php\/wp-json\/wp\/v2\/pages\/22741\/revisions"}],"predecessor-version":[{"id":22769,"href":"https:\/\/www.confenar.com.br\/index.php\/wp-json\/wp\/v2\/pages\/22741\/revisions\/22769"}],"wp:attachment":[{"href":"https:\/\/www.confenar.com.br\/index.php\/wp-json\/wp\/v2\/media?parent=22741"}],"curies":[{"name":"wp","href":"https:\/\/api.w.org\/{rel}","templated":true}]}}

<div id="box-fecha" style="width: 100% !important; margin: 0 20px !important; float: left !important;">
<p class="p1"><span class="s1"><b>Carbono Compensado 2017</b></span></p>
<p class="p1" style="float: left;"><img decoding="async" class="alignnone size-full wp-image-22334" src="http://www.confenar.com.br/wp-content/uploads/2017/01/logo-carbono-alterado.jpg" alt="logo-carbono-alterado" width="200" height="auto" srcset="https://www.confenar.com.br/wp-content/uploads/2017/01/logo-carbono-alterado.jpg 340w, https://www.confenar.com.br/wp-content/uploads/2017/01/logo-carbono-alterado-300x236.jpg 300w" sizes="(max-width: 340px) 100vw, 340px" /></p>
<p class="p1" style="margin: 55px 0 0 40px; float: left; width: 462px;">Resultado de uma parceria entre a Confenar, a Mercedes-Benz e a Bravo Consultoria Ambiental, o projeto Carbono Compensado quantifica os gases de efeito estufa gerados no Agenda Confenar, convertendo-os no plantio de árvores e ajudando na recuperação de áreas florestais. Conheça a seguir a ação realizada em 2017!</p>
</div>
<div id="box-fecha" style="width: 100% !important; margin: 0 20px !important; float: left !important;">
<p class="p1"><span class="s1"><b>Sustentabilidade: uma prática contínua</b></span></p>
<div style="margin-right: 20px;">Pelo sétimo ano consecutivo, a Confenar promoveu, em novembro, o plantio de cerca de 400 mudas de árvores em uma área de preservação ambiental em Rio do Sul (SC). Essa é uma das muitas ações realizadas pela Confederação em prol da sustentabilidade no País.O plantio, que é feito anualmente, desde 2010, após o Agenda Confenar (maior evento de distribuição de bebidas do País), tem como objetivo diminuir os impactos ambientais causados pela emissão de dióxido de carbono (CO2) durante os dias do encontro. Neste ano, as mudas foram plantadas no Refúgio Edelweiss. As árvores ajudarão no reflorestamento de espécies endêmicas da região, protegendo as nascentes próximas (como Ribeirão Itoupava, afluente do Rio Itajaí-Açu) e garantindo refúgio para animais selvagens. Desde o início da iniciativa do Carbono Compensado, com o apoio da Associação de Preservação do Meio Ambiente e da Vida (Apremavi), a Confenar já contribuiu com o plantio de mais de 5 mil mudas.</p>
<p>Após o plantio, que contou com a participação de colaboradores da revenda catarinense Incobel (Lages, SC), a Confederação segue acompanhando e cuidando das mudas por um período de dois anos. O projeto de plantio e compensação de carbono é patrocinado pela Mercedes-Benz.</p>
</div>
<p>&nbsp;</p>
<p class="p1" style="text-align: center; margin-right: 20px;"><img loading="lazy" decoding="async" class="wp-image-22268 size-full aligncenter" style="float: left !important; padding-right: 20px !important; width: 100%; height: 100%;" src="http://www.confenar.com.br/wp-content/uploads/2018/04/Plantio-2010-2017.png" alt="Plantio 2010 2017" width="912" height="723" srcset="https://www.confenar.com.br/wp-content/uploads/2018/04/Plantio-2010-2017.png 912w, https://www.confenar.com.br/wp-content/uploads/2018/04/Plantio-2010-2017-300x238.png 300w, https://www.confenar.com.br/wp-content/uploads/2018/04/Plantio-2010-2017-768x609.png 768w" sizes="auto, (max-width: 912px) 100vw, 912px" /></p>
<p class="p3" style="margin-right: 20px !important;"><span class="s1">&#8220;Reconhecemos a importância </span><span class="s1">de realizar e apoiar projetos </span><span class="s1">de responsabilidade ambiental, </span><span class="s1">especialmente o que é realizado </span><span class="s1">no Agenda Confenar, que, </span><span class="s1">desde 2010, aplica a compensação </span><span class="s1">do carbono emitido. Esse </span><span class="s1">é o tipo de parceria que vai </span><span class="s1">além dos negócios e pensa nas </span><span class="s1">futuras gerações, por isso temos </span><span class="s1">orgulho em atrelar nossa marca </span><span class="s1">ao evento por tanto tempo&#8221;, diz o analista de </span><span class="s1">Marketing e Comunicação da Mercedes-Benz, </span><span class="s1">Otávio Luis Rodrigues.</span></p>
<p class="p3" style="margin-right: 20px !important;"><span class="s1">&#8220;Há alguns anos decidimos minimizar o impacto </span><span class="s1">de eventos como esse no meio ambiente. Contratamos, </span><span class="s1">então, uma consultoria especializada em Carbono </span><span class="s1">Compensado, que faz as </span><span class="s1">aferições e obedece a protocolos </span><span class="s1">reconhecidos internacionalmente </span><span class="s1">com o aval da ONU&#8221;, conta a diretora </span><span class="s1">de Comunicação e Marketing </span><span class="s1">da Confenar, Adriana Neves.</span></p>
<p class="p3" style="margin-right: 20px !important;"><span class="s1">O selo Carbono Compensado, </span><span class="s1">divulgado nesta edição da revista, </span><span class="s1">destaca a iniciativa da Confederação </span><span class="s1">realizada anualmente. &#8220;Essa </span><span class="s1">ação é extremamente importante </span><span class="s1">para nós. Além de fazer nossa parte protegendo o </span><span class="s1">meio ambiente, servimos de exemplo para que mais </span><span class="s1">empresas e pessoas tenham essa conscientização e </span><span class="s1">busquem sempre preservar os rios, a natureza e a </span><span class="s1">biodiversidade existente em nosso País&#8221;, completa </span><span class="s1">o presidente da Confenar, Carlos Eduardo Lang.</span></p>
<p><img loading="lazy" decoding="async" class="align-center size-full wp-image-22325" style="text-align: center; margin: 0 auto; display: block;" src="http://www.confenar.com.br/wp-content/uploads/2017/01/Revista_Confenar_ed79_web-14.png" alt="Revista_Confenar_ed79_web-14" width="439" height="288" srcset="https://www.confenar.com.br/wp-content/uploads/2017/01/Revista_Confenar_ed79_web-14.png 439w, https://www.confenar.com.br/wp-content/uploads/2017/01/Revista_Confenar_ed79_web-14-300x197.png 300w" sizes="auto, (max-width: 439px) 100vw, 439px" /></p>
</div>

<p>Carbono Compensado 2017 Resultado de uma parceria entre a Confenar, a Mercedes-Benz e a Bravo Consultoria Ambiental, o projeto Carbono Compensado quantifica os gases de efeito estufa gerados no Agenda Confenar, convertendo-os no plantio de árvores e ajudando na recuperação de áreas florestais. Conheça a seguir a ação realizada em 2017! Sustentabilidade: uma prática contínua [&hellip;]</p>
