{"id":91,"date":"2015-06-01T11:28:53","date_gmt":"2015-06-01T11:28:53","guid":{"rendered":"http:\/\/novo.confenar.com.br\/?page_id=91"},"modified":"2021-02-08T16:44:01","modified_gmt":"2021-02-08T16:44:01","slug":"canais-de-comunicacao","status":"publish","type":"page","link":"https:\/\/www.confenar.com.br\/index.php\/canais-de-comunicacao\/","title":{"rendered":"Nossos Canais de Comunica\u00e7\u00e3o"},"content":{"rendered":"<div class=\"box-de-conteudo\">\n<p><img decoding=\"async\" class=\"size-full wp-image-23045 alignleft\" src=\"http:\/\/www.confenar.com.br\/wp-content\/uploads\/2019\/07\/logo-fiquepd.png\" alt=\"logo-fiquepd\" width=\"auto\" height=\"150\" \/>A <b>Revista Confenar<\/b> \u00e9 impressa e publicada bimestralmente com uma tiragem de 3 mil exemplares. Entre os temas apresentados nas edi\u00e7\u00f5es, est\u00e3o assuntos de destaque no mercado de distribui\u00e7\u00e3o de bebidas e log\u00edstica, boas pr\u00e1ticas das revendas associadas e novidades da Confedera\u00e7\u00e3o e da Ambev. Distribuidoras de todo o Pa\u00eds e que pertencem \u00e0 Rede da Confenar recebem os exemplares da revista, assim como os principais pontos de venda (PDVs) do Brasil, entidades empresariais, associa\u00e7\u00f5es representativas do segmento, representantes do Governo, bem como fornecedores de produtos, insumos e solu\u00e7\u00f5es \u00e0s revendas e \u00e0 Confedera\u00e7\u00e3o.<\/p>\n<\/div>\n<div class=\"box-de-conteudo\">\n<p><img decoding=\"async\" class=\"size-full wp-image-23045 alignleft\" src=\"http:\/\/www.confenar.com.br\/wp-content\/uploads\/2019\/07\/logo-fiquepd.png\" alt=\"logo-fiquepd\" width=\"auto\" height=\"150\" \/>Na se\u00e7\u00e3o <b>Fique por Dentro<\/b>, voc\u00ea encontrar\u00e1 fatos relevantes sobre o setor de distribui\u00e7\u00e3o de bebidas, como campanhas, not\u00edcias de mercado e lan\u00e7amentos de produtos Ambev. Neste canal, tamb\u00e9m \u00e9 poss\u00edvel conferir as sugest\u00f5es de livros, filmes, sites ou aplicativos com conte\u00fados de grande utilidade no dia a dia das revendas.<\/p>\n<\/div>\n<div class=\"box-de-conteudo\">\n<p><img loading=\"lazy\" decoding=\"async\" class=\"alignnone\" src=\"http:\/\/www.confenar.com.br\/wp-content\/uploads\/2018\/01\/thumb_face_confenar.jpg?1\" alt=\"\" width=\"491\" height=\"173\" \/>Estamos presentes tamb\u00e9m no <a href=\"http:\/\/www.facebook.com\/Confenar\/\" target=\"_blank\">Facebook<\/a> e no <a href=\"https:\/\/www.instagram.com\/confenar\/\" target=\"_blank\">Instagram.<\/a> Nos nossos perfis, voc\u00ea ir\u00e1 encontrar nossas novidades, as a\u00e7\u00f5es realizadas nas revendas, os eventos nos quais a Confenar est\u00e1 presente, a\u00e7\u00f5es da Confedera\u00e7\u00e3o e outros conte\u00fados relevantes.<\/p>\n<p>Siga a Confenar:<br \/>\n<a href=\"http:\/\/www.facebook.com\/Confenar\/\" target=\"_blank\">www.facebook.com\/Confenar\/<\/a>.<\/p>\n<p>\n<a href=\"https:\/\/www.instagram.com\/confenar\/\" target=\"_blank\">www.instagram.com\/confenar\/ <\/a><\/p>\n<\/div>\n<div class=\"canal\">\n<div class=\"texto\">\n<h2>Fique por dentro<\/h2>\n<\/div>\n<\/div>\n","protected":false},"excerpt":{"rendered":"<p>A Revista Confenar \u00e9 impressa e publicada bimestralmente com uma tiragem de 3 mil exemplares. Entre os temas apresentados nas edi\u00e7\u00f5es, est\u00e3o assuntos de destaque no mercado de distribui\u00e7\u00e3o de bebidas e log\u00edstica, boas pr\u00e1ticas das revendas associadas e novidades da Confedera\u00e7\u00e3o e da Ambev. Distribuidoras de todo o Pa\u00eds e que pertencem \u00e0 Rede [&hellip;]<\/p>\n","protected":false},"author":1,"featured_media":0,"parent":0,"menu_order":60,"comment_status":"open","ping_status":"closed","template":"page-canais.php","meta":{"_acf_changed":false,"footnotes":""},"class_list":["post-91","page","type-page","status-publish","hentry"],"acf":[],"_links":{"self":[{"href":"https:\/\/www.confenar.com.br\/index.php\/wp-json\/wp\/v2\/pages\/91","targetHints":{"allow":["GET"]}}],"collection":[{"href":"https:\/\/www.confenar.com.br\/index.php\/wp-json\/wp\/v2\/pages"}],"about":[{"href":"https:\/\/www.confenar.com.br\/index.php\/wp-json\/wp\/v2\/types\/page"}],"author":[{"embeddable":true,"href":"https:\/\/www.confenar.com.br\/index.php\/wp-json\/wp\/v2\/users\/1"}],"replies":[{"embeddable":true,"href":"https:\/\/www.confenar.com.br\/index.php\/wp-json\/wp\/v2\/comments?post=91"}],"version-history":[{"count":37,"href":"https:\/\/www.confenar.com.br\/index.php\/wp-json\/wp\/v2\/pages\/91\/revisions"}],"predecessor-version":[{"id":25553,"href":"https:\/\/www.confenar.com.br\/index.php\/wp-json\/wp\/v2\/pages\/91\/revisions\/25553"}],"wp:attachment":[{"href":"https:\/\/www.confenar.com.br\/index.php\/wp-json\/wp\/v2\/media?parent=91"}],"curies":[{"name":"wp","href":"https:\/\/api.w.org\/{rel}","templated":true}]}}

Nossos Canais de Comunicação

<div class="box-de-conteudo">
<p><img decoding="async" class="size-full wp-image-23045 alignleft" src="http://www.confenar.com.br/wp-content/uploads/2019/07/logo-fiquepd.png" alt="logo-fiquepd" width="auto" height="150" />A <b>Revista Confenar</b> é impressa e publicada bimestralmente com uma tiragem de 3 mil exemplares. Entre os temas apresentados nas edições, estão assuntos de destaque no mercado de distribuição de bebidas e logística, boas práticas das revendas associadas e novidades da Confederação e da Ambev. Distribuidoras de todo o País e que pertencem à Rede da Confenar recebem os exemplares da revista, assim como os principais pontos de venda (PDVs) do Brasil, entidades empresariais, associações representativas do segmento, representantes do Governo, bem como fornecedores de produtos, insumos e soluções às revendas e à Confederação.</p>
</div>
<div class="box-de-conteudo">
<p><img decoding="async" class="size-full wp-image-23045 alignleft" src="http://www.confenar.com.br/wp-content/uploads/2019/07/logo-fiquepd.png" alt="logo-fiquepd" width="auto" height="150" />Na seção <b>Fique por Dentro</b>, você encontrará fatos relevantes sobre o setor de distribuição de bebidas, como campanhas, notícias de mercado e lançamentos de produtos Ambev. Neste canal, também é possível conferir as sugestões de livros, filmes, sites ou aplicativos com conteúdos de grande utilidade no dia a dia das revendas.</p>
</div>
<div class="box-de-conteudo">
<p><img loading="lazy" decoding="async" class="alignnone" src="http://www.confenar.com.br/wp-content/uploads/2018/01/thumb_face_confenar.jpg?1" alt="" width="491" height="173" />Estamos presentes também no <a href="http://www.facebook.com/Confenar/" target="_blank">Facebook</a> e no <a href="https://www.instagram.com/confenar/" target="_blank">Instagram.</a> Nos nossos perfis, você irá encontrar nossas novidades, as ações realizadas nas revendas, os eventos nos quais a Confenar está presente, ações da Confederação e outros conteúdos relevantes.</p>
<p>Siga a Confenar:<br />
<a href="http://www.facebook.com/Confenar/" target="_blank">www.facebook.com/Confenar/</a>.</p>
<p>
<a href="https://www.instagram.com/confenar/" target="_blank">www.instagram.com/confenar/ </a></p>
</div>
<div class="canal">
<div class="texto">
<h2>Fique por dentro</h2>
</div>
</div>

<p>A Revista Confenar é impressa e publicada bimestralmente com uma tiragem de 3 mil exemplares. Entre os temas apresentados nas edições, estão assuntos de destaque no mercado de distribuição de bebidas e logística, boas práticas das revendas associadas e novidades da Confederação e da Ambev. Distribuidoras de todo o País e que pertencem à Rede [&hellip;]</p>
